 factor of 160408 and 24?
8
Calculate the greatest common divisor of 4240 and 112.
16
What is the greatest common divisor of 61188 and 6?
6
What is the greatest common divisor of 454 and 671693?
227
What is the highest common divisor of 49584 and 3112?
8
Calculate the highest common factor of 3116 and 246.
82
What is the greatest common factor of 31916 and 2528?
316
What is the greatest common divisor of 46 and 5042?
2
What is the highest common factor of 253 and 16859?
23
Calculate the highest common divisor of 132 and 7428.
12
Calculate the highest common factor of 1716 and 47652.
132
What is the greatest common divisor of 6 and 26178?
6
What is the greatest common divisor of 25362 and 18?
18
What is the highest common factor of 44 and 223828?
44
What is the greatest common factor of 609093 and 306?
153
What is the highest common factor of 690 and 35130?
30
What is the highest common factor of 250 and 32125?
125
What is the greatest common divisor of 1808 and 1092936?
904
What is the greatest common factor of 956 and 216773?
239
What is the highest common factor of 74515 and 35?
35
What is the highest common divisor of 21282 and 318?
6
What is the highest common factor of 258112 and 218?
218
Calculate the greatest common factor of 18 and 241173.
9
Calculate the greatest common factor of 11551980 and 345.
345
Calculate the greatest common divisor of 973 and 5699.
139
What is the highest common divisor of 2786 and 9583?
7
Calculate the greatest common divisor of 1026857 and 117.
13
What is the highest common divisor of 13767 and 208?
13
What is the highest common factor of 931 and 200507?
19
What is the greatest common divisor of 804 and 6564?
12
What is the highest common divisor of 2960864 and 64?
32
Calculate the greatest common factor of 4450 and 6586.
178
Calculate the greatest common divisor of 2671638 and 354.
354
What is the greatest common divisor of 60154 and 38?
38
What is the highest common divisor of 3495 and 5900?
5
Calculate the greatest common divisor of 27989 and 26.
13
Calculate the highest common factor of 1533 and 567.
21
What is the greatest common divisor of 128 and 96080?
16
What is the greatest common factor of 5994464 and 196?
196
Calculate the highest common factor of 7647 and 3.
3
What is the greatest common divisor of 2420 and 11858?
242
Calculate the highest common divisor of 43301 and 31747.
53
What is the greatest common divisor of 2673 and 127017?
99
Calculate the highest common factor of 9313645 and 55.
55
Calculate the greatest common divisor of 4927 and 260.
13
What is the greatest common factor of 200 and 18140?
20
What is the greatest common factor of 3920 and 2989?
49
Calculate the greatest common factor of 279869 and 717.
239
What is the highest common factor of 105 and 12138?
21
Calculate the greatest common divisor of 162 and 507951.
81
What is the greatest common factor of 9849 and 2499?
147
What is the highest common factor of 1580 and 109415?
395
Calculate the greatest common divisor of 595 and 1381080.
85
What is the greatest common divisor of 451610 and 40?
10
Calculate the greatest common factor of 144 and 527504.
16
What is the greatest common factor of 68 and 15577508?
68
Calculate the greatest common divisor of 182501 and 517.
517
Calculate the greatest common factor of 12670 and 4865.
35
What is the highest common factor of 265 and 14416?
53
Calculate the highest common factor of 1085 and 1890070.
1085
Calculate the highest common factor of 12 and 99528.
12
What is the highest common factor of 400491 and 468?
117
Calculate the highest common divisor of 1417191 and 1081.
1081
Calculate the greatest common factor of 200 and 416.
8
What is the highest common factor of 21414 and 1494?
498
Calculate the highest common divisor of 1066 and 67978.
82
Calculate the greatest common divisor of 90872 and 1184.
296
Calculate the greatest common factor of 72 and 62982.
18
Calculate the highest common factor of 14 and 4788.
14
Calculate the greatest common factor of 530 and 41395.
5
Calculate the highest common divisor of 10678 and 843.
281
What is the highest common divisor of 34256 and 1184?
16
Calculate the highest common factor of 5408 and 13182.
338
Calculate the highest common factor of 17618 and 138.
46
What is the greatest common factor of 3169515 and 345?
345
What is the highest common factor of 28824 and 30?
6
What is the highest common divisor of 33551 and 49?
7
What is the greatest common factor of 592957 and 669?
223
Calculate the highest common factor of 105 and 24945.
15
Calculate the highest common divisor of 18192 and 2256.
48
Calculate the highest common factor of 28126 and 2337.
41
What is the highest common divisor of 579079 and 1?
1
Calculate the highest common divisor of 1490 and 361027.
149
Calculate the greatest common divisor of 25531 and 891.
11
What is the greatest common factor of 5293 and 2010?
67
Calculate the highest common factor of 1475 and 1829.
59
What is the greatest common factor of 1128414 and 67?
67
What is the highest common divisor of 69 and 31487?
23
What is the greatest common factor of 2256 and 438792?
1128
What is the greatest common divisor of 42 and 49917?
21
What is the greatest common divisor of 1350 and 1512?
54
What is the greatest common divisor of 893 and 5833?
19
Calculate the greatest common divisor of 4 and 9346.
2
What is the highest common divisor of 5 and 236515?
5
What is the highest common factor of 26 and 206492?
26
Calculate the greatest common factor of 2869 and 7600.
19
What is the greatest common divisor of 145651 and 11?
11
What is the highest common divisor of 170306 and 136?
34
Calculate the highest common divisor of 3304 and 1386.
14
Calculate the greatest common divisor of 186 and 90086.
62
What is the greatest common divisor of 268553 and 31?
31
What is the highest common factor of 6 and 13511?
1
Calculate the highest common divisor of 189 and 857898.
27
What is the highest common factor of 3870 and 547218?
774
What is the highest common divisor of 187 and 2125?
17
What is the greatest common factor of 9413904 and 72?
24
Calculate the highest common factor of 689006 and 496.
62
Calculate the greatest common divisor of 1839420 and 15840.
1980
Calculate the greatest common factor of 91 and 50817.
13
Calculate the greatest common factor of 616 and 241120.
88
What is the highest common factor of 13354 and 253?
11
Calculate the highest common divisor of 905380 and 1115.
1115
Calculate the highest common divisor of 71863 and 69278.
517
What is the highest common divisor of 133274 and 148?
74
What is the highest common divisor of 282081 and 867?
51
Calculate the highest common divisor of 8 and 3464.
8
What is the greatest common divisor of 9 and 1057653?
9
Calculate the greatest common factor of 320 and 9536.
64
Calculate the highest common divisor of 34 and 20.
2
Calculate the highest common divisor of 291597 and 1704.
213
What is the greatest common divisor of 28 and 32508?
28
Calculate the greatest common factor of 21654 and 1314.
18
What is the highest common divisor of 8216 and 126716?
316
What is the greatest common factor of 36036 and 2058?
42
Calculate the greatest common factor of 213 and 458589.
213
Calculate the greatest common divisor of 40 and 1504900.
20
What is the greatest common divisor of 481 and 6136?
13
Calculate the highest common divisor of 9036 and 252.
36
Calculate the highest common factor of 16106 and 4.
2
What is the highest common divisor of 3744147 and 1518?
759
What is the highest common factor of 2453 and 12711?
223
What is the greatest common divisor of 62270 and 234?
26
What is the greatest common factor of 16112 and 272?
16
What is the highest common divisor of 12396 and 108?
12
What is the highest common factor of 63 and 473643?
9
What is the highest common divisor of 71 and 986900?
71
What is the highest common divisor of 23018 and 68?
34
What is the highest common factor of 44548 and 2849?
259
What is the greatest common factor of 17016 and 144?
24
What is the highest common divisor of 471504 and 528?
528
Calculate the highest common factor of 4554 and 7326.
198
What is the greatest common divisor of 83300 and 1925?
175
Calculate the greatest common divisor of 73 and 1604.
1
Calculate the greatest commo